{"id":183,"date":"2024-11-17T12:44:34","date_gmt":"2024-11-17T11:44:34","guid":{"rendered":"https:\/\/chinago.pl\/shop\/?page_id=183"},"modified":"2025-01-31T13:52:21","modified_gmt":"2025-01-31T12:52:21","slug":"regulamin","status":"publish","type":"page","link":"https:\/\/chinago.pl\/shop\/regulamin\/","title":{"rendered":"Regulamin"},"content":{"rendered":"<p><strong>Regulamin serwisu internetowego<\/strong><\/p><p><strong>\u00a7 1 Postanowienia og\u00f3lne<\/strong><\/p><ol class=\"wp-block-list\"><li>W\u0142a\u015bcicielem i operatorem serwisu internetowego ChinaGo.pl (zwanego dalej: \u201eSerwisem\u201d)<br>jest przedsi\u0119biorstwo BLUESUITCASE SP\u00d3\u0141KA Z OGRANICZON\u0104 ODPOWIEDZIALNO\u015aCI\u0104 (NIP:<br>6772453064, REGON: 386055909), ul. Josepha Conrada 51, 31-357 Krak\u00f3w (dalej:<br>\u201eSprzedawca\u201d).<\/li>\n\n<li>Klientami Serwisu mog\u0105 by\u0107 pe\u0142noletnie osoby fizyczne oraz osoby prawne, a tak\u017ce jednostki<br>organizacyjne nieposiadaj\u0105ce osobowo\u015bci prawnej (dalej: \u201eKlienci\u201d).<\/li>\n\n<li>Niniejszy Regulamin okre\u015bla zasady korzystania z Serwisu, zasady sk\u0142adania i przyjmowania<br>zam\u00f3wie\u0144, a tak\u017ce zasady \u015bwiadczenia us\u0142ug drog\u0105 elektroniczn\u0105 oferowanych przez Serwis.<br>Ka\u017cdy Klient z momentem podj\u0119cia czynno\u015bci zmierzaj\u0105cych do z\u0142o\u017cenia zam\u00f3wienia<br>zobowi\u0105zany jest do przestrzegania postanowie\u0144 niniejszego Regulaminu. Sk\u0142adaj\u0105c<br>zam\u00f3wienie, Klient potwierdza, \u017ce zapozna\u0142 si\u0119 z jego tre\u015bci\u0105 oraz zaakceptowa\u0142 jego<br>postanowienia i zobowi\u0105zuje si\u0119 do ich przestrzegania.<\/li>\n\n<li>Prezentowane w Serwisie og\u0142oszenia, cenniki, reklamy i inne informacje nie stanowi\u0105 oferty<br>w rozumieniu przepis\u00f3w Ustawy z dnia 23 kwietnia 1964 r. &#8211; Kodeks cywilny (Dz.U. 1964 nr 16<br>poz. 93 z p\u00f3\u017an. zm.). S\u0105 one wy\u0142\u0105cznie zaproszeniem do zawarcia umowy skierowanym do<br>Klienta.<\/li><\/ol><p><strong>\u00a72 Obowi\u0105zki Klient\u00f3w<\/strong><\/p><ol class=\"wp-block-list\"><li>Ka\u017cdy Klient ma obowi\u0105zek:<br>1) podawania w celu potwierdzenia swojej to\u017csamo\u015bci pe\u0142nych i prawdziwych danych;<br>2) wywi\u0105zywania si\u0119 ze zobowi\u0105za\u0144 wzgl\u0119dem Sprzedawcy;<br>3) korzystania z Serwisu w spos\u00f3b nieingeruj\u0105cy w jego funkcjonowanie oraz zgodny<br>z przepisami prawa obowi\u0105zuj\u0105cego na terytorium Rzeczypospolitej Polski oraz<br>postanowieniami niniejszego Regulaminu;<br>4) niedostarczania i nieprzekazywania za po\u015brednictwem Serwisu tre\u015bci prawnie<br>zabronionych;<br>5) nierozpowszechniania komercyjnie w\u0142asno\u015bci intelektualnej, powsta\u0142ej w wyniku<br>wykonania zlecenia przez Sprzedawc\u0119.<\/li>\n\n<li>Ra\u017c\u0105ce nieprzestrzeganie obowi\u0105zk\u00f3w, o kt\u00f3rych mowa w pkt. 1, opr\u00f3cz odpowiedzialno\u015bci<br>prawnej mo\u017ce skutkowa\u0107 r\u00f3wnie\u017c czasowym lub trwa\u0142ym uniemo\u017cliwieniem Klientowi<br>dost\u0119pu do zasob\u00f3w Serwisu.<\/li><\/ol><p><strong>\u00a73 Us\u0142ugi oferowane za po\u015brednictwem Serwisu<\/strong><\/p><ol class=\"wp-block-list\"><li>Serwis oferuje mo\u017cliwo\u015b\u0107 sk\u0142adania przez Klient\u00f3w zlece\u0144 na nast\u0119puj\u0105ce us\u0142ugi \u015bwiadczone<br>przez Sprzedawc\u0119:<br>1) wyszukiwanie najkorzystniejszych ofert na us\u0142ugi transportu towar\u00f3w \u015bwiadczone przez<br>podmioty trzecie;<br>2) transport towar\u00f3w;<br>3) wyszukiwanie dla Klienta towar\u00f3w na rynku chi\u0144skim wed\u0142ug okre\u015blonej przez niego<br>specyfikacji;<br>4) zakup towaru na rzecz Klienta;<br>5) przygotowanie t\u0142umacze\u0144 na \u017cywo w trakcie spotka\u0144 biznesowych oraz t\u0142umacze\u0144<br>dokument\u00f3w i innych materia\u0142\u00f3w;<br>6) badanie chi\u0144skiego rynku;<br>7) organizacja importu towaru z Chi\u0144skiej Republiki Ludowej.<\/li>\n\n<li>Zlecenia mog\u0105 by\u0107 sk\u0142adane pisemnie, drog\u0105 mailow\u0105 lub za pomoc\u0105 formularza dost\u0119pnego<br>w Serwisie. Zlecenie uwa\u017ca si\u0119 za przyj\u0119te przez Sprzedawc\u0119 z chwil\u0105 skierowania do Klienta<br>jednoznacznego potwierdzenia drog\u0105 mailow\u0105 lub telefoniczn\u0105, pod warunkiem zapoznania<br>si\u0119 i akceptacji Og\u00f3lnych Warunk\u00f3w Um\u00f3w (kliknij tutaj) przez Klienta. Sprzedawca zastrzega<br>sobie prawo odmowy przyj\u0119cia zlecenia bez podania przyczyny.<\/li>\n\n<li>W przypadku zlece\u0144 dotycz\u0105cych nabywania towar\u00f3w, w zam\u00f3wieniu nale\u017cy wskaza\u0107 list\u0119<br>konkretnych towar\u00f3w wraz z liczb\u0105 sztuk\/ilo\u015bci\u0105, szczeg\u00f3\u0142ow\u0105 specyfikacj\u0105, nazw\u0105 producenta<br>oraz ewentualnie linkiem do strony internetowej producenta i\/lub aukcji w portalach<br>transakcyjnych (np. alibaba.com, 1688.com).<\/li><\/ol><p><strong>\u00a7 4 Obowi\u0105zki i odpowiedzialno\u015b\u0107 Sprzedawcy<\/strong><\/p><ol class=\"wp-block-list\"><li>Sprzedawca nie ponosi odpowiedzialno\u015bci za dzia\u0142ania podmiot\u00f3w zewn\u0119trznych realizuj\u0105cych<br>transport towar\u00f3w oraz za dzia\u0142ania innych takich podmiot\u00f3w maj\u0105cych bezpo\u015bredni kontakt<br>z towarem. Sprzedawca nie ponosi w szczeg\u00f3lno\u015bci odpowiedzialno\u015bci za op\u00f3\u017anienie<br>w dostawie towar\u00f3w oraz zniszczenie, kradzie\u017c i zagubienie towaru.<\/li>\n\n<li>W przypadku zaistnienia zdarze\u0144, kt\u00f3re b\u0119d\u0105 rodzi\u0107 po stronie Klienta roszczenia odszkodowawcze wzgl\u0119dem podmiot\u00f3w wymienionych w pkt. 1, Sprzedawca zobowi\u0105zuje si\u0119 niezw\u0142ocznie przekaza\u0107 Klientowi wszelkie informacje niezb\u0119dne do ich dochodzenia.<\/li>\n\n<li>Sprzedawca zobowi\u0105zuje si\u0119 dokonywa\u0107 optymalnego wyboru dostawcy us\u0142ug, maj\u0105c na<br>wzgl\u0119dzie ich koszt oraz przewidywany czas dostawy.<\/li>\n\n<li>Sprzedawca nie ponosi odpowiedzialno\u015bci za oclenie i inne obowi\u0105zki podatkowe powsta\u0142e<br>w zwi\u0105zku z dostaw\u0105 na rzecz Klienta towar\u00f3w spoza Europejskiego Obszaru Gospodarczego.<br>Wy\u0142\u0105cznie na Kliencie ci\u0105\u017cy obowi\u0105zek ustalenia, czy wed\u0142ug przepis\u00f3w krajowych pa\u0144stwa<br>adresata przesy\u0142ki dany towar podlega tym obci\u0105\u017ceniom. Ryzyko zwi\u0105zane z b\u0142\u0119dn\u0105 ocen\u0105<br>stanu prawnego ponosi wy\u0142\u0105cznie Klient. Sprzedawca nie ponosi r\u00f3wnie\u017c odpowiedzialno\u015bci za<br>konfiskat\u0119 towaru przez s\u0142u\u017cby celne.<\/li>\n\n<li>W przypadku z\u0142amania przepis\u00f3w prawa przez Klienta Sprzedawca udost\u0119pni na wezwanie<br>organ\u00f3w pa\u0144stwowych jego dane oraz wszelkie inne niezb\u0119dne informacje.<\/li>\n\n<li>Sprzedawca nie ponosi odpowiedzialno\u015bci za szkody wynik\u0142e z przerw i awarii Serwisu, kt\u00f3re<br>nie le\u017c\u0105 po jego stronie, a s\u0105 wynikiem dzia\u0142ania os\u00f3b trzecich lub czynnik\u00f3w zewn\u0119trznych czy<br>te\u017c si\u0142y wy\u017cszej.<\/li>\n\n<li>Sprzedawca zobowi\u0105zuje si\u0119 wykonywa\u0107 analizy rynkowe rzetelnie, z do\u0142o\u017ceniem nale\u017cytej<br>staranno\u015bci, z wykorzystaniem swojego do\u015bwiadczenia biznesowego.<\/li><\/ol><p><strong>\u00a7 5 Ochrona praw autorskich<\/strong><\/p><ol class=\"wp-block-list\"><li>Zawarto\u015b\u0107 Serwisu, w szczeg\u00f3lno\u015bci jego szata graficzna, s\u0105 bezwarunkowo chronione przepisami Ustawy z dnia 4 lutego 1994 r. o prawie autorskim i prawach pokrewnych (Dz. U. 1994 Nr 24 poz. 83 z p\u00f3\u017an. zm.).<\/li>\n\n<li>\u017baden element Serwisu nie mo\u017ce by\u0107 bez zgody jego w\u0142a\u015bciciela powielany lub<br>rozpowszechniany w jakiejkolwiek formie.<\/li>\n\n<li>Autorskie prawa maj\u0105tkowe do utwor\u00f3w wykonanych przez Sprzedawc\u0119 w ramach wykonania<br>zlece\u0144 nie przechodz\u0105 na Klient\u00f3w.<\/li>\n\n<li>Naruszenie praw autorskich w\u0142a\u015bciciela Serwisu skutkowa\u0107 b\u0119dzie odpowiedzialno\u015bci\u0105 prawn\u0105<br>okre\u015blon\u0105 w przepisach prawa powszechnie obowi\u0105zuj\u0105cego, w szczeg\u00f3lno\u015bci:<br>1) Ustawy z dnia 4 lutego 1994 r. o prawie autorskim i prawach pokrewnych<br>(Dz. U. 1994 Nr 24 poz. 83 z p\u00f3\u017an. zm.),<br>2) Ustawy z dnia 23 kwietnia 1964 r. &#8211; Kodeks cywilny (Dz.U. 1964 nr 16 poz. 93 z p\u00f3\u017an. zm.),<br>3) Ustawy z dnia 16 kwietnia 1993 r. o zwalczaniu nieuczciwej konkurencji (Dz.U. 1993 nr 47<br>poz. 211 z p\u00f3\u017an. zm.).<\/li><\/ol><p><strong>\u00a7 6 Ochrona danych osobowych<\/strong><\/p><ol class=\"wp-block-list\"><li>Administratorem danych osobowych Klient\u00f3w jest przedsi\u0119biorstwo BLUESUITCASE SP\u00d3\u0141KA Z<br>OGRANICZON\u0104 ODPOWIEDZIALNO\u015aCI\u0104 (NIP: 6772453064, REGON: 386055909), ul. Josepha<br>Conrada 51, 31-157 Krak\u00f3w (dalej: \u201eAdministrator\u201d).<\/li>\n\n<li>Administrator odpowiada za zgodno\u015b\u0107 z prawem przetwarzania danych osobowych Klient\u00f3w<br>oraz pozosta\u0142ych u\u017cytkownik\u00f3w Serwisu (dalej: \u201eU\u017cytkownicy\u201d).<\/li>\n\n<li>Administrator przetwarza dane osobowe U\u017cytkownik\u00f3w na podstawie ich zgody oraz<br>w zwi\u0105zku z prawnie uzasadnionymi interesami Sprzedawcy.<\/li>\n\n<li>Zgoda U\u017cytkownika na przetwarzanie danych osobowych jest dobrowolna i mo\u017ce zosta\u0107<br>w ka\u017cdej chwili wycofana.<\/li>\n\n<li>Na potrzeby realizacji zam\u00f3wie\u0144 Klient\u00f3w, b\u0119d\u0105cych osobami fizycznymi, przetwarzane s\u0105 ich<br>nast\u0119puj\u0105ce dane osobowe:<br>a. imi\u0119 nazwisko,<br>b. adres do korespondencji,<br>c. data urodzenia,<br>d. numer PESEL,<br>e. numer telefonu,<br>f. adres e-mail,<br>g. adres IP,<br>h. lokalizacja,<br>i. system operacyjny komputera\/telefonu,<br>j. rodzaj przegl\u0105darki internetowej.<\/li>\n\n<li>W celu zapewnienia pe\u0142nej funkcjonalno\u015bci Serwisu przetwarzane s\u0105 r\u00f3wnie\u017c nast\u0119puj\u0105ce<br>dane U\u017cytkownik\u00f3w nieb\u0119d\u0105cych Klientami:<br>a. adres IP,<br>b. lokalizacja,<br>c. system operacyjny komputera\/telefonu,<br>d. rodzaj przegl\u0105darki internetowej.<\/li>\n\n<li>Kontakt z Administratorem jest mo\u017cliwy poprzez nast\u0119puj\u0105ce kana\u0142y komunikacji:<br>a. pocztowy, na adres: ul. Josepha Conrada 51, 31-157 Krak\u00f3w;<br>b. mailowy, na adres: hello@chinago.pl.<\/li>\n\n<li>Szczeg\u00f3\u0142owe zasady przetwarzania danych osobowych znajduj\u0105 si\u0119 w Polityce prywatno\u015bci.<\/li><\/ol><p><strong>\u00a7 7 Postanowienia ko\u0144cowe<\/strong><\/p><ol class=\"wp-block-list\"><li>Aktualna wersja Regulaminu jest dost\u0119pna na stronie internetowej Serwisu.<\/li>\n\n<li>\u017badne z postanowie\u0144 niniejszego Regulaminu nie ma na celu naruszenia praw Klient\u00f3w.<br>W przypadku niezgodno\u015bci jakiejkolwiek zapisu z obowi\u0105zuj\u0105cym prawem Sprzedawca<br>deklaruje bezwzgl\u0119dne stosowanie tego prawa w miejsce zakwestionowanego zapisu.<\/li>\n\n<li>Sprzedawca zastrzega sobie prawo do wprowadzenia ogranicze\u0144 w korzystaniu z Serwisu<br>spowodowanych pracami konserwacyjnymi. Sprzedawca zobowi\u0105zuje si\u0119 do do\u0142o\u017cenia<br>wszelkich stara\u0144, by wspomniane ograniczenia odbywa\u0142y si\u0119 w spos\u00f3b nieuci\u0105\u017cliwy.<\/li>\n\n<li>Sprzedawca i Klient w przypadku zaistnienia sporu podejm\u0105 kroki maj\u0105ce na celu za\u017cegnanie<br>go w spos\u00f3b polubowny.<\/li>\n\n<li>Sprzedawca zastrzega sobie prawo do zmiany niniejszego Regulaminu w dowolnym czasie, przy<br>czym zmiany nie b\u0119d\u0105 narusza\u0142y praw nabytych przez Klient\u00f3w na mocy poprzednio<br>obowi\u0105zuj\u0105cych zapis\u00f3w. O zmianach Regulaminu zarejestrowani Klienci zostan\u0105<br>powiadomieni na adres e-mail pozostaj\u0105cy w zasobach Serwisu. Powiadomienie zostanie<br>wys\u0142ane na co najmniej 30 dni przed wej\u015bciem zmian w \u017cycie. Pozostali U\u017cytkownicy zostan\u0105<br>poinformowani w drodze komunikatu opublikowanego w Serwisie.<\/li>\n\n<li>S\u0105dem w\u0142a\u015bciwym dla rozpatrywania spor\u00f3w jest s\u0105d w\u0142a\u015bciwy miejscowo dla siedziby<br>Sprzedawcy.<\/li>\n\n<li>W sprawach nieuregulowanych niniejszym Regulaminem zastosowanie maj\u0105 w\u0142a\u015bciwe<br>przepisy prawa polskiego, w szczeg\u00f3lno\u015bci ustawy z dnia 23 kwietnia 1964 roku \u2013 Kodeks<br>cywilny (Dz.U. 1964 nr 16 poz. 93 z p\u00f3\u017an. zm.).<\/li>\n\n<li>Niniejszy Regulamin wchodzi w \u017cycie dnia 06.05.2020 r.<\/li><\/ol>","protected":false},"excerpt":{"rendered":"<p>Regulamin serwisu internetowego \u00a7 1 Postanowienia og\u00f3lne \u00a72 Obowi\u0105zki Klient\u00f3w \u00a73 Us\u0142ugi oferowane za po\u015brednictwem Serwisu \u00a7 4 Obowi\u0105zki i odpowiedzialno\u015b\u0107 Sprzedawcy \u00a7 5 Ochrona praw autorskich \u00a7 6 Ochrona danych osobowych \u00a7 7 Postanowienia ko\u0144cowe<\/p>\n","protected":false},"author":1,"featured_media":0,"parent":0,"menu_order":0,"comment_status":"closed","ping_status":"closed","template":"","meta":{"footnotes":""},"class_list":["post-183","page","type-page","status-publish","hentry"],"yoast_head":"<!-- This site is optimized with the Yoast SEO plugin v24.0 - https:\/\/yoast.com\/wordpress\/plugins\/seo\/ -->\n<title>Regulamin - ChinaGo \u2013 sklep internetowy z us\u0142ugami importu z Chin<\/title>\n<meta name=\"description\" content=\"Zapoznaj si\u0119 z pe\u0142nym regulaminem korzystania z naszej strony internetowej. Dowiedz si\u0119 o zasadach, obowi\u0105zkach u\u017cytkownik\u00f3w oraz polityce prywatno\u015bci. Przeczytaj nasz regulamin, aby mie\u0107 pewno\u015b\u0107, \u017ce korzystasz z naszych us\u0142ug zgodnie z obowi\u0105zuj\u0105cymi warunkami.\" \/>\n<meta name=\"robots\" content=\"index, follow, max-snippet:-1, max-image-preview:large, max-video-preview:-1\" \/>\n<link rel=\"canonical\" href=\"https:\/\/chinago.pl\/shop\/regulamin\/\" \/>\n<meta property=\"og:locale\" content=\"pl_PL\" \/>\n<meta property=\"og:type\" content=\"article\" \/>\n<meta property=\"og:title\" content=\"Regulamin - ChinaGo \u2013 sklep internetowy z us\u0142ugami importu z Chin\" \/>\n<meta property=\"og:description\" content=\"Zapoznaj si\u0119 z pe\u0142nym regulaminem korzystania z naszej strony internetowej. Dowiedz si\u0119 o zasadach, obowi\u0105zkach u\u017cytkownik\u00f3w oraz polityce prywatno\u015bci. Przeczytaj nasz regulamin, aby mie\u0107 pewno\u015b\u0107, \u017ce korzystasz z naszych us\u0142ug zgodnie z obowi\u0105zuj\u0105cymi warunkami.\" \/>\n<meta property=\"og:url\" content=\"https:\/\/chinago.pl\/shop\/regulamin\/\" \/>\n<meta property=\"og:site_name\" content=\"ChinaGo \u2013 sklep internetowy z us\u0142ugami importu z Chin\" \/>\n<meta property=\"article:modified_time\" content=\"2025-01-31T12:52:21+00:00\" \/>\n<meta name=\"twitter:card\" content=\"summary_large_image\" \/>\n<meta name=\"twitter:label1\" content=\"Szacowany czas czytania\" \/>\n\t<meta name=\"twitter:data1\" content=\"8 minut\" \/>\n<script type=\"application\/ld+json\" class=\"yoast-schema-graph\">{\"@context\":\"https:\/\/schema.org\",\"@graph\":[{\"@type\":\"WebPage\",\"@id\":\"https:\/\/chinago.pl\/shop\/regulamin\/\",\"url\":\"https:\/\/chinago.pl\/shop\/regulamin\/\",\"name\":\"Regulamin - ChinaGo \u2013 sklep internetowy z us\u0142ugami importu z Chin\",\"isPartOf\":{\"@id\":\"https:\/\/chinago.pl\/shop\/#website\"},\"datePublished\":\"2024-11-17T11:44:34+00:00\",\"dateModified\":\"2025-01-31T12:52:21+00:00\",\"description\":\"Zapoznaj si\u0119 z pe\u0142nym regulaminem korzystania z naszej strony internetowej. Dowiedz si\u0119 o zasadach, obowi\u0105zkach u\u017cytkownik\u00f3w oraz polityce prywatno\u015bci. Przeczytaj nasz regulamin, aby mie\u0107 pewno\u015b\u0107, \u017ce korzystasz z naszych us\u0142ug zgodnie z obowi\u0105zuj\u0105cymi warunkami.\",\"breadcrumb\":{\"@id\":\"https:\/\/chinago.pl\/shop\/regulamin\/#breadcrumb\"},\"inLanguage\":\"pl-PL\",\"potentialAction\":[{\"@type\":\"ReadAction\",\"target\":[\"https:\/\/chinago.pl\/shop\/regulamin\/\"]}]},{\"@type\":\"BreadcrumbList\",\"@id\":\"https:\/\/chinago.pl\/shop\/regulamin\/#breadcrumb\",\"itemListElement\":[{\"@type\":\"ListItem\",\"position\":1,\"name\":\"Strona g\u0142\u00f3wna\",\"item\":\"https:\/\/chinago.pl\/shop\/\"},{\"@type\":\"ListItem\",\"position\":2,\"name\":\"Regulamin\"}]},{\"@type\":\"WebSite\",\"@id\":\"https:\/\/chinago.pl\/shop\/#website\",\"url\":\"https:\/\/chinago.pl\/shop\/\",\"name\":\"ChinaGo \u2013 sklep internetowy z us\u0142ugami importu z Chin\",\"description\":\"Bezpo\u015bredni importer z Chin!\",\"publisher\":{\"@id\":\"https:\/\/chinago.pl\/shop\/#organization\"},\"potentialAction\":[{\"@type\":\"SearchAction\",\"target\":{\"@type\":\"EntryPoint\",\"urlTemplate\":\"https:\/\/chinago.pl\/shop\/?s={search_term_string}\"},\"query-input\":{\"@type\":\"PropertyValueSpecification\",\"valueRequired\":true,\"valueName\":\"search_term_string\"}}],\"inLanguage\":\"pl-PL\"},{\"@type\":\"Organization\",\"@id\":\"https:\/\/chinago.pl\/shop\/#organization\",\"name\":\"ChinaGo \u2013 sklep internetowy z us\u0142ugami importu z Chin\",\"url\":\"https:\/\/chinago.pl\/shop\/\",\"logo\":{\"@type\":\"ImageObject\",\"inLanguage\":\"pl-PL\",\"@id\":\"https:\/\/chinago.pl\/shop\/#\/schema\/logo\/image\/\",\"url\":\"https:\/\/chinago.pl\/shop\/wp-content\/uploads\/2024\/11\/logoshop.svg\",\"contentUrl\":\"https:\/\/chinago.pl\/shop\/wp-content\/uploads\/2024\/11\/logoshop.svg\",\"width\":310,\"height\":54,\"caption\":\"ChinaGo \u2013 sklep internetowy z us\u0142ugami importu z Chin\"},\"image\":{\"@id\":\"https:\/\/chinago.pl\/shop\/#\/schema\/logo\/image\/\"}}]}<\/script>\n<!-- \/ Yoast SEO plugin. -->","yoast_head_json":{"title":"Regulamin - ChinaGo \u2013 sklep internetowy z us\u0142ugami importu z Chin","description":"Zapoznaj si\u0119 z pe\u0142nym regulaminem korzystania z naszej strony internetowej. Dowiedz si\u0119 o zasadach, obowi\u0105zkach u\u017cytkownik\u00f3w oraz polityce prywatno\u015bci. Przeczytaj nasz regulamin, aby mie\u0107 pewno\u015b\u0107, \u017ce korzystasz z naszych us\u0142ug zgodnie z obowi\u0105zuj\u0105cymi warunkami.","robots":{"index":"index","follow":"follow","max-snippet":"max-snippet:-1","max-image-preview":"max-image-preview:large","max-video-preview":"max-video-preview:-1"},"canonical":"https:\/\/chinago.pl\/shop\/regulamin\/","og_locale":"pl_PL","og_type":"article","og_title":"Regulamin - ChinaGo \u2013 sklep internetowy z us\u0142ugami importu z Chin","og_description":"Zapoznaj si\u0119 z pe\u0142nym regulaminem korzystania z naszej strony internetowej. Dowiedz si\u0119 o zasadach, obowi\u0105zkach u\u017cytkownik\u00f3w oraz polityce prywatno\u015bci. Przeczytaj nasz regulamin, aby mie\u0107 pewno\u015b\u0107, \u017ce korzystasz z naszych us\u0142ug zgodnie z obowi\u0105zuj\u0105cymi warunkami.","og_url":"https:\/\/chinago.pl\/shop\/regulamin\/","og_site_name":"ChinaGo \u2013 sklep internetowy z us\u0142ugami importu z Chin","article_modified_time":"2025-01-31T12:52:21+00:00","twitter_card":"summary_large_image","twitter_misc":{"Szacowany czas czytania":"8 minut"},"schema":{"@context":"https:\/\/schema.org","@graph":[{"@type":"WebPage","@id":"https:\/\/chinago.pl\/shop\/regulamin\/","url":"https:\/\/chinago.pl\/shop\/regulamin\/","name":"Regulamin - ChinaGo \u2013 sklep internetowy z us\u0142ugami importu z Chin","isPartOf":{"@id":"https:\/\/chinago.pl\/shop\/#website"},"datePublished":"2024-11-17T11:44:34+00:00","dateModified":"2025-01-31T12:52:21+00:00","description":"Zapoznaj si\u0119 z pe\u0142nym regulaminem korzystania z naszej strony internetowej. Dowiedz si\u0119 o zasadach, obowi\u0105zkach u\u017cytkownik\u00f3w oraz polityce prywatno\u015bci. Przeczytaj nasz regulamin, aby mie\u0107 pewno\u015b\u0107, \u017ce korzystasz z naszych us\u0142ug zgodnie z obowi\u0105zuj\u0105cymi warunkami.","breadcrumb":{"@id":"https:\/\/chinago.pl\/shop\/regulamin\/#breadcrumb"},"inLanguage":"pl-PL","potentialAction":[{"@type":"ReadAction","target":["https:\/\/chinago.pl\/shop\/regulamin\/"]}]},{"@type":"BreadcrumbList","@id":"https:\/\/chinago.pl\/shop\/regulamin\/#breadcrumb","itemListElement":[{"@type":"ListItem","position":1,"name":"Strona g\u0142\u00f3wna","item":"https:\/\/chinago.pl\/shop\/"},{"@type":"ListItem","position":2,"name":"Regulamin"}]},{"@type":"WebSite","@id":"https:\/\/chinago.pl\/shop\/#website","url":"https:\/\/chinago.pl\/shop\/","name":"ChinaGo \u2013 sklep internetowy z us\u0142ugami importu z Chin","description":"Bezpo\u015bredni importer z Chin!","publisher":{"@id":"https:\/\/chinago.pl\/shop\/#organization"},"potentialAction":[{"@type":"SearchAction","target":{"@type":"EntryPoint","urlTemplate":"https:\/\/chinago.pl\/shop\/?s={search_term_string}"},"query-input":{"@type":"PropertyValueSpecification","valueRequired":true,"valueName":"search_term_string"}}],"inLanguage":"pl-PL"},{"@type":"Organization","@id":"https:\/\/chinago.pl\/shop\/#organization","name":"ChinaGo \u2013 sklep internetowy z us\u0142ugami importu z Chin","url":"https:\/\/chinago.pl\/shop\/","logo":{"@type":"ImageObject","inLanguage":"pl-PL","@id":"https:\/\/chinago.pl\/shop\/#\/schema\/logo\/image\/","url":"https:\/\/chinago.pl\/shop\/wp-content\/uploads\/2024\/11\/logoshop.svg","contentUrl":"https:\/\/chinago.pl\/shop\/wp-content\/uploads\/2024\/11\/logoshop.svg","width":310,"height":54,"caption":"ChinaGo \u2013 sklep internetowy z us\u0142ugami importu z Chin"},"image":{"@id":"https:\/\/chinago.pl\/shop\/#\/schema\/logo\/image\/"}}]}},"_links":{"self":[{"href":"https:\/\/chinago.pl\/shop\/wp-json\/wp\/v2\/pages\/183","targetHints":{"allow":["GET"]}}],"collection":[{"href":"https:\/\/chinago.pl\/shop\/wp-json\/wp\/v2\/pages"}],"about":[{"href":"https:\/\/chinago.pl\/shop\/wp-json\/wp\/v2\/types\/page"}],"author":[{"embeddable":true,"href":"https:\/\/chinago.pl\/shop\/wp-json\/wp\/v2\/users\/1"}],"replies":[{"embeddable":true,"href":"https:\/\/chinago.pl\/shop\/wp-json\/wp\/v2\/comments?post=183"}],"version-history":[{"count":3,"href":"https:\/\/chinago.pl\/shop\/wp-json\/wp\/v2\/pages\/183\/revisions"}],"predecessor-version":[{"id":230,"href":"https:\/\/chinago.pl\/shop\/wp-json\/wp\/v2\/pages\/183\/revisions\/230"}],"wp:attachment":[{"href":"https:\/\/chinago.pl\/shop\/wp-json\/wp\/v2\/media?parent=183"}],"curies":[{"name":"wp","href":"https:\/\/api.w.org\/{rel}","templated":true}]}}